{"id":16,"date":"2017-04-21T15:41:22","date_gmt":"2017-04-21T15:41:22","guid":{"rendered":"http:\/\/engage.veented.com\/yoga\/?page_id=16"},"modified":"2026-01-25T22:50:11","modified_gmt":"2026-01-25T19:50:11","slug":"about","status":"publish","type":"page","link":"http:\/\/reallinecert.com\/index.php\/about\/","title":{"rendered":"Hakk\u0131m\u0131zda"},"content":{"rendered":"<section class=\"wpb-content-wrapper\"><p>[vc_row equal_height=&#8221;yes&#8221; content_placement=&#8221;middle&#8221; css=&#8221;.vc_custom_1502207416867{padding-top: 90px !important;padding-bottom: 90px !important;}&#8221;][vc_column width=&#8221;1\/2&#8243; css=&#8221;.vc_custom_1486050169012{padding-right: 50px !important;}&#8221;][vc_single_image image=&#8221;1068&#8243; img_size=&#8221;800&#215;600&#8243; style=&#8221;vc_box_rounded&#8221; css_animation=&#8221;none&#8221; css=&#8221;.vc_custom_1758488855262{margin-bottom: 0px !important;}&#8221;][\/vc_column][vc_column width=&#8221;1\/2&#8243;][vc_column_text]<\/p>\n<p class=\"p1\">Firmam\u0131z, Real Line Certification Uygunluk De\u011ferlendirme Muayene ve Uluslararas\u0131 Belgelendirme San. Tic. Ltd. \u015eti. olarak 10.02.2025 tarihinde \u00dcr\u00fcn Belgelendirme, Muayene ve G\u00f6zetim ve E\u011fitim Hizmetleri vermek \u00fczere alan\u0131nda uzman ki\u015filerin yer ald\u0131\u011f\u0131 kadrosuyla, kalite, g\u00fcven ba\u011f\u0131ms\u0131z ve tarafs\u0131z olarak hizmet vermek amac\u0131yla kurulmu\u015ftur.<\/p>\n<p class=\"p1\">-Markala\u015fmay\u0131 ama\u00e7 edinen payda\u015flara, profesyonel d\u00fczeyde hizmet vermenin yan\u0131nda kalite bilincine de yepyeni bir boyut kazand\u0131rmay\u0131<\/p>\n<p class=\"p1\">-\u00dcst d\u00fczey bilgi ve teknik donan\u0131m\u0131n\u0131 payda\u015flar\u0131n\u0131n lehine kullanmakta ve pazar pay\u0131nda etkili ve g\u00fcvenli bir \u015fekilde rol almalar\u0131n\u0131 sa\u011flamay\u0131<\/p>\n<p class=\"p1\">&#8211; Belgelendirme sekt\u00f6r\u00fcnde g\u00fcvenilirli\u011fi, kaliteyi ve \u00e7\u00f6z\u00fcm odakl\u0131 yakla\u015f\u0131m\u0131yla \u00f6ne \u00e7\u0131kan bir marka olmay\u0131<\/p>\n<p class=\"p1\">&#8211; \u00a0Ulusal ve Uluslararas\u0131 standartlara uygun, \u015feffaf ve g\u00fcvenilir hizmet anlay\u0131\u015f\u0131yla i\u015f d\u00fcnyas\u0131nda fark yaratmay\u0131<\/p>\n<p class=\"p1\">&#8211; S\u00fcrd\u00fcr\u00fclebilir ba\u015far\u0131 elde etmelerine katk\u0131da sa\u011flamay\u0131 ama\u00e7lamaktad\u0131r.<\/p>\n<p class=\"p1\">GENEL M\u00dcD\u00dcR<\/p>\n<p><img loading=\"lazy\" decoding=\"async\" class=\"wp-image-1077 aligncenter\" src=\"http:\/\/reallinecert.com\/wp-content\/uploads\/2025\/09\/real-line-certification-logo-300x300.jpg\" alt=\"\" width=\"73\" height=\"73\" srcset=\"http:\/\/reallinecert.com\/wp-content\/uploads\/2025\/09\/real-line-certification-logo-300x300.jpg 300w, http:\/\/reallinecert.com\/wp-content\/uploads\/2025\/09\/real-line-certification-logo-150x150.jpg 150w, http:\/\/reallinecert.com\/wp-content\/uploads\/2025\/09\/real-line-certification-logo.jpg 580w\" sizes=\"auto, (max-width: 73px) 100vw, 73px\" \/>[\/vc_column_text][\/vc_column][\/vc_row]<\/p>\n<p><a href=\"http:\/\/reallinecert.com\/wp-content\/uploads\/2026\/01\/RLC-THT-005_0_UST_YONETIM_TARAFSIZLIK_TAAHHUTNAMESI-1.pdf\">RLC-THT-005_0_\u00dcST_Y\u00d6NET\u0130M_TARAFSIZLIK_TAAHHUTNAMESI<\/a><\/p>\n<\/section>","protected":false},"excerpt":{"rendered":"<p>[vc_row equal_height=&#8221;yes&#8221; content_placement=&#8221;middle&#8221; css=&#8221;.vc_custom_1502207416867{padding-top: 90px !important;padding-bottom: 90px !important;}&#8221;][vc_column width=&#8221;1\/2&#8243; css=&#8221;.vc_custom_1486050169012{padding-right: 50px !important;}&#8221;][vc_single_image image=&#8221;1068&#8243; img_size=&#8221;800&#215;600&#8243; style=&#8221;vc_box_rounded&#8221; css_animation=&#8221;none&#8221; css=&#8221;.vc_custom_1758488855262{margin-bottom: 0px !important;}&#8221;][\/vc_column][vc_column width=&#8221;1\/2&#8243;][vc_column_text] Firmam\u0131z, Real Line Certification Uygunluk De\u011ferlendirme Muayene ve Uluslararas\u0131 Belgelendirme San. Tic. Ltd. \u015eti. olarak 10.02.2025 tarihinde \u00dcr\u00fcn Belgelendirme, Muayene ve G\u00f6zetim ve E\u011fitim Hizmetleri vermek \u00fczere alan\u0131nda uzman ki\u015filerin [&hellip;]<\/p>\n","protected":false},"author":1,"featured_media":0,"parent":0,"menu_order":0,"comment_status":"closed","ping_status":"closed","template":"","meta":{"footnotes":""},"class_list":["post-16","page","type-page","status-publish","hentry"],"_links":{"self":[{"href":"http:\/\/reallinecert.com\/index.php\/wp-json\/wp\/v2\/pages\/16","targetHints":{"allow":["GET"]}}],"collection":[{"href":"http:\/\/reallinecert.com\/index.php\/wp-json\/wp\/v2\/pages"}],"about":[{"href":"http:\/\/reallinecert.com\/index.php\/wp-json\/wp\/v2\/types\/page"}],"author":[{"embeddable":true,"href":"http:\/\/reallinecert.com\/index.php\/wp-json\/wp\/v2\/users\/1"}],"replies":[{"embeddable":true,"href":"http:\/\/reallinecert.com\/index.php\/wp-json\/wp\/v2\/comments?post=16"}],"version-history":[{"count":7,"href":"http:\/\/reallinecert.com\/index.php\/wp-json\/wp\/v2\/pages\/16\/revisions"}],"predecessor-version":[{"id":1381,"href":"http:\/\/reallinecert.com\/index.php\/wp-json\/wp\/v2\/pages\/16\/revisions\/1381"}],"wp:attachment":[{"href":"http:\/\/reallinecert.com\/index.php\/wp-json\/wp\/v2\/media?parent=16"}],"curies":[{"name":"wp","href":"https:\/\/api.w.org\/{rel}","templated":true}]}}