{"id":1297,"date":"2025-12-27T23:26:35","date_gmt":"2025-12-27T20:26:35","guid":{"rendered":"http:\/\/reallinecert.com\/?page_id=1297"},"modified":"2025-12-27T23:26:36","modified_gmt":"2025-12-27T20:26:36","slug":"foyler","status":"publish","type":"page","link":"http:\/\/reallinecert.com\/index.php\/foyler\/","title":{"rendered":"F\u00d6YLER"},"content":{"rendered":"\n<p>Belgelendirme F\u00f6yleri temini i\u00e7in Firmam\u0131z ile irtibata ge\u00e7ebilirsiniz<\/p>\n\n\n\n<p>RLC-BF-001_0 TS EN 1176-1 A1 KASIM 2023 BELGELEND\u0130RME F\u00d6Y\u00dc<\/p>\n\n\n\n<p>RLC-BF-002_0_TS_EN_1176-2_AC_ARALIK_2019_TS_EN_1176-1_A1_KASIM_2023_BELGELENDIRME_FOYU<\/p>\n\n\n\n<p>RLC-BF-003_0_TS_EN_1176-3_KASIM_2018_TS_EN_1176-1_A1_KASIM_2023_BELGELENDIRME_FOYU<\/p>\n\n\n\n<p>RLC-BF-004_0_TS_EN_1176-4_AC_NISAN_2019_TS_EN_1176-1_A1_KASIM_2023_BELGELENDIRME_FOYU<\/p>\n\n\n\n<p>RLC-BF-005_0_TS_EN_1176-5_ARALIK_2019_TS_EN_1176-1_A1_KASIM_2023_BELGELENDIRME_FOYU<\/p>\n\n\n\n<p>RLC-BF-006_0_TS_EN_1176-6_AC_NISAN_2019_TS_EN_1176-1_A1_KASIM_2023_BELGELENDIRME_FOYU<\/p>\n\n\n\n<p>RLC-BF-007_0_TS_EN_1176-11_2014_EKIM_2014_TS_EN_1176-1_A1_KASIM_2023_BELGELENDIRME_FOYU<\/p>\n\n\n\n<p>RLC-BF-008_0_TS_EN_1177_AC_NISAN_2019_TS_EN_1176-1_KASIM_2018_BELGELENDIRME_FOYU<\/p>\n\n\n\n<p>RLC-BF-009_0_TS_EN_16630_ EK\u0130M_2015_BELGELEND\u0130RME_F\u00d6Y\u00dc<\/p>\n\n\n\n<p>RLC-BF-010_0_TS_EN_15567-1_A1_MART_2020_VE_TS_EN_15567-2_EKIM_2015_BELGELENDIRME_FOYU<\/p>\n\n\n\n<p>RLC-BF-011_0_TS_EN_12572-1_MART_2017_TS_EN_12572-2_MART_2017_VE_TS_EN_12572-3_KASIM_2018<\/p>\n\n\n\n<p>RLC-BF-012_0_TS_7941_HAZIRAN_2012_BELGELENDIRME_FOYU<\/p>\n\n\n\n<p>RLC-BF-013_0_TS_4687_NISAN_2013_PIKNIK_MASASI<\/p>\n\n\n\n<p>RLC-BF-014_0_TS_13858_NISAN_2018_BELGELENDIRME_FOYU<\/p>\n\n\n\n<p>RLC-BF-015_0_TS_13735_SUBAT_2017_BELGELENDIRME_FOYU<\/p>\n","protected":false},"excerpt":{"rendered":"<p>Belgelendirme F\u00f6yleri temini i\u00e7in Firmam\u0131z ile irtibata ge\u00e7ebilirsiniz RLC-BF-001_0 TS EN 1176-1 A1 KASIM 2023 BELGELEND\u0130RME F\u00d6Y\u00dc RLC-BF-002_0_TS_EN_1176-2_AC_ARALIK_2019_TS_EN_1176-1_A1_KASIM_2023_BELGELENDIRME_FOYU RLC-BF-003_0_TS_EN_1176-3_KASIM_2018_TS_EN_1176-1_A1_KASIM_2023_BELGELENDIRME_FOYU RLC-BF-004_0_TS_EN_1176-4_AC_NISAN_2019_TS_EN_1176-1_A1_KASIM_2023_BELGELENDIRME_FOYU RLC-BF-005_0_TS_EN_1176-5_ARALIK_2019_TS_EN_1176-1_A1_KASIM_2023_BELGELENDIRME_FOYU RLC-BF-006_0_TS_EN_1176-6_AC_NISAN_2019_TS_EN_1176-1_A1_KASIM_2023_BELGELENDIRME_FOYU RLC-BF-007_0_TS_EN_1176-11_2014_EKIM_2014_TS_EN_1176-1_A1_KASIM_2023_BELGELENDIRME_FOYU RLC-BF-008_0_TS_EN_1177_AC_NISAN_2019_TS_EN_1176-1_KASIM_2018_BELGELENDIRME_FOYU RLC-BF-009_0_TS_EN_16630_ EK\u0130M_2015_BELGELEND\u0130RME_F\u00d6Y\u00dc RLC-BF-010_0_TS_EN_15567-1_A1_MART_2020_VE_TS_EN_15567-2_EKIM_2015_BELGELENDIRME_FOYU RLC-BF-011_0_TS_EN_12572-1_MART_2017_TS_EN_12572-2_MART_2017_VE_TS_EN_12572-3_KASIM_2018 RLC-BF-012_0_TS_7941_HAZIRAN_2012_BELGELENDIRME_FOYU RLC-BF-013_0_TS_4687_NISAN_2013_PIKNIK_MASASI RLC-BF-014_0_TS_13858_NISAN_2018_BELGELENDIRME_FOYU RLC-BF-015_0_TS_13735_SUBAT_2017_BELGELENDIRME_FOYU<\/p>\n","protected":false},"author":1,"featured_media":0,"parent":0,"menu_order":0,"comment_status":"closed","ping_status":"closed","template":"","meta":{"footnotes":""},"class_list":["post-1297","page","type-page","status-publish","hentry"],"_links":{"self":[{"href":"http:\/\/reallinecert.com\/index.php\/wp-json\/wp\/v2\/pages\/1297","targetHints":{"allow":["GET"]}}],"collection":[{"href":"http:\/\/reallinecert.com\/index.php\/wp-json\/wp\/v2\/pages"}],"about":[{"href":"http:\/\/reallinecert.com\/index.php\/wp-json\/wp\/v2\/types\/page"}],"author":[{"embeddable":true,"href":"http:\/\/reallinecert.com\/index.php\/wp-json\/wp\/v2\/users\/1"}],"replies":[{"embeddable":true,"href":"http:\/\/reallinecert.com\/index.php\/wp-json\/wp\/v2\/comments?post=1297"}],"version-history":[{"count":1,"href":"http:\/\/reallinecert.com\/index.php\/wp-json\/wp\/v2\/pages\/1297\/revisions"}],"predecessor-version":[{"id":1299,"href":"http:\/\/reallinecert.com\/index.php\/wp-json\/wp\/v2\/pages\/1297\/revisions\/1299"}],"wp:attachment":[{"href":"http:\/\/reallinecert.com\/index.php\/wp-json\/wp\/v2\/media?parent=1297"}],"curies":[{"name":"wp","href":"https:\/\/api.w.org\/{rel}","templated":true}]}}