{"id":1274,"date":"2025-12-26T11:56:40","date_gmt":"2025-12-26T08:56:40","guid":{"rendered":"http:\/\/reallinecert.com\/?page_id=1274"},"modified":"2025-12-26T12:06:00","modified_gmt":"2025-12-26T09:06:00","slug":"banklar","status":"publish","type":"page","link":"http:\/\/reallinecert.com\/index.php\/banklar\/","title":{"rendered":"Banklar"},"content":{"rendered":"\n<p>TS 7941\/ Haziran 2012 -Oturma Banklar\u0131 RLC-BF-012_0_TS_7941_HAZIRAN_2012_BELGELENDIRME_FOYU ve daha detayl\u0131 bilgi i\u00e7in firmam\u0131zla irtibata ge\u00e7ebilirsiniz<\/p>\n\n\n\n<figure class=\"wp-block-image size-full is-resized\"><img loading=\"lazy\" decoding=\"async\" width=\"613\" height=\"400\" src=\"http:\/\/reallinecert.com\/wp-content\/uploads\/2025\/12\/image.png\" alt=\"\" class=\"wp-image-1281\" style=\"aspect-ratio:1.532647333956969;width:199px;height:auto\" srcset=\"http:\/\/reallinecert.com\/wp-content\/uploads\/2025\/12\/image.png 613w, http:\/\/reallinecert.com\/wp-content\/uploads\/2025\/12\/image-300x196.png 300w, http:\/\/reallinecert.com\/wp-content\/uploads\/2025\/12\/image-600x392.png 600w\" sizes=\"auto, (max-width: 613px) 100vw, 613px\" \/><\/figure>\n\n\n\n<p>Oturma Banklar\u0131<br>SINIF: Banklar bir s\u0131n\u0131ft\u0131r.<br>GRUPLAR:1-Sabit 2-Seyyar<br>T\u0130PLER:-Arkal\u0131kl\u0131<br>-Arkal\u0131ks\u0131z<br>-Kol\u00e7akl\u0131<br>-Kol\u00e7aks\u0131z<br>T\u00dcRLER:-\u00c7elik \u0130skeletliler<br>-Beton \u0130skeletliler<br>-Ah\u015fap \u0130skeletliler<br>-D\u00f6k\u00fcm Ayakl\u0131lar<br>-Beton Ayakl\u0131lar<\/p>\n\n\n\n<p><\/p>\n","protected":false},"excerpt":{"rendered":"<p>TS 7941\/ Haziran 2012 -Oturma Banklar\u0131 RLC-BF-012_0_TS_7941_HAZIRAN_2012_BELGELENDIRME_FOYU ve daha detayl\u0131 bilgi i\u00e7in firmam\u0131zla irtibata ge\u00e7ebilirsiniz Oturma Banklar\u0131SINIF: Banklar bir s\u0131n\u0131ft\u0131r.GRUPLAR:1-Sabit 2-SeyyarT\u0130PLER:-Arkal\u0131kl\u0131-Arkal\u0131ks\u0131z-Kol\u00e7akl\u0131-Kol\u00e7aks\u0131zT\u00dcRLER:-\u00c7elik \u0130skeletliler-Beton \u0130skeletliler-Ah\u015fap \u0130skeletliler-D\u00f6k\u00fcm Ayakl\u0131lar-Beton Ayakl\u0131lar<\/p>\n","protected":false},"author":1,"featured_media":0,"parent":0,"menu_order":0,"comment_status":"closed","ping_status":"closed","template":"","meta":{"footnotes":""},"class_list":["post-1274","page","type-page","status-publish","hentry"],"_links":{"self":[{"href":"http:\/\/reallinecert.com\/index.php\/wp-json\/wp\/v2\/pages\/1274","targetHints":{"allow":["GET"]}}],"collection":[{"href":"http:\/\/reallinecert.com\/index.php\/wp-json\/wp\/v2\/pages"}],"about":[{"href":"http:\/\/reallinecert.com\/index.php\/wp-json\/wp\/v2\/types\/page"}],"author":[{"embeddable":true,"href":"http:\/\/reallinecert.com\/index.php\/wp-json\/wp\/v2\/users\/1"}],"replies":[{"embeddable":true,"href":"http:\/\/reallinecert.com\/index.php\/wp-json\/wp\/v2\/comments?post=1274"}],"version-history":[{"count":4,"href":"http:\/\/reallinecert.com\/index.php\/wp-json\/wp\/v2\/pages\/1274\/revisions"}],"predecessor-version":[{"id":1284,"href":"http:\/\/reallinecert.com\/index.php\/wp-json\/wp\/v2\/pages\/1274\/revisions\/1284"}],"wp:attachment":[{"href":"http:\/\/reallinecert.com\/index.php\/wp-json\/wp\/v2\/media?parent=1274"}],"curies":[{"name":"wp","href":"https:\/\/api.w.org\/{rel}","templated":true}]}}