{"id":1166,"date":"2025-10-13T13:59:07","date_gmt":"2025-10-13T10:59:07","guid":{"rendered":"http:\/\/reallinecert.com\/?page_id=1166"},"modified":"2025-12-27T23:44:09","modified_gmt":"2025-12-27T20:44:09","slug":"ts-en-1176-2ac-aralik-2019-oyun-alani-elemanlari-ve-zemin-duzenlemeleri-bolum-2-salincaklar-icin-ilave-ozel-guvenlik-gereklilikleri-ve-deney-yontemleri","status":"publish","type":"page","link":"http:\/\/reallinecert.com\/index.php\/ts-en-1176-2ac-aralik-2019-oyun-alani-elemanlari-ve-zemin-duzenlemeleri-bolum-2-salincaklar-icin-ilave-ozel-guvenlik-gereklilikleri-ve-deney-yontemleri\/","title":{"rendered":"TS EN 1176-2+AC\/Aral\u0131k 2019"},"content":{"rendered":"\n<p><strong>Oyun alan\u0131 elemanlar\u0131 ve zemin d\u00fczenlemeleri &#8211; B\u00f6l\u00fcm 2: Sal\u0131ncaklar i\u00e7in il\u00e2ve \u00f6zel g\u00fcvenlik kurallar\u0131 ve deney y\u00f6ntemleri<\/strong><\/p>\n\n\n\n<figure class=\"wp-block-image size-full is-resized\"><img loading=\"lazy\" decoding=\"async\" width=\"664\" height=\"664\" src=\"http:\/\/reallinecert.com\/wp-content\/uploads\/2025\/12\/image-3.png\" alt=\"\" class=\"wp-image-1310\" style=\"width:290px;height:auto\" srcset=\"http:\/\/reallinecert.com\/wp-content\/uploads\/2025\/12\/image-3.png 664w, http:\/\/reallinecert.com\/wp-content\/uploads\/2025\/12\/image-3-300x300.png 300w, http:\/\/reallinecert.com\/wp-content\/uploads\/2025\/12\/image-3-150x150.png 150w, http:\/\/reallinecert.com\/wp-content\/uploads\/2025\/12\/image-3-600x600.png 600w\" sizes=\"auto, (max-width: 664px) 100vw, 664px\" \/><\/figure>\n\n\n\n<figure class=\"wp-block-image size-full is-resized\"><img loading=\"lazy\" decoding=\"async\" width=\"624\" height=\"467\" src=\"http:\/\/reallinecert.com\/wp-content\/uploads\/2025\/12\/image-4.png\" alt=\"\" class=\"wp-image-1311\" style=\"width:261px;height:auto\" srcset=\"http:\/\/reallinecert.com\/wp-content\/uploads\/2025\/12\/image-4.png 624w, http:\/\/reallinecert.com\/wp-content\/uploads\/2025\/12\/image-4-300x225.png 300w, http:\/\/reallinecert.com\/wp-content\/uploads\/2025\/12\/image-4-600x449.png 600w\" sizes=\"auto, (max-width: 624px) 100vw, 624px\" \/><\/figure>\n","protected":false},"excerpt":{"rendered":"<p>Oyun alan\u0131 elemanlar\u0131 ve zemin d\u00fczenlemeleri &#8211; B\u00f6l\u00fcm 2: Sal\u0131ncaklar i\u00e7in il\u00e2ve \u00f6zel g\u00fcvenlik kurallar\u0131 ve deney y\u00f6ntemleri<\/p>\n","protected":false},"author":1,"featured_media":0,"parent":0,"menu_order":0,"comment_status":"closed","ping_status":"closed","template":"","meta":{"footnotes":""},"class_list":["post-1166","page","type-page","status-publish","hentry"],"_links":{"self":[{"href":"http:\/\/reallinecert.com\/index.php\/wp-json\/wp\/v2\/pages\/1166","targetHints":{"allow":["GET"]}}],"collection":[{"href":"http:\/\/reallinecert.com\/index.php\/wp-json\/wp\/v2\/pages"}],"about":[{"href":"http:\/\/reallinecert.com\/index.php\/wp-json\/wp\/v2\/types\/page"}],"author":[{"embeddable":true,"href":"http:\/\/reallinecert.com\/index.php\/wp-json\/wp\/v2\/users\/1"}],"replies":[{"embeddable":true,"href":"http:\/\/reallinecert.com\/index.php\/wp-json\/wp\/v2\/comments?post=1166"}],"version-history":[{"count":3,"href":"http:\/\/reallinecert.com\/index.php\/wp-json\/wp\/v2\/pages\/1166\/revisions"}],"predecessor-version":[{"id":1312,"href":"http:\/\/reallinecert.com\/index.php\/wp-json\/wp\/v2\/pages\/1166\/revisions\/1312"}],"wp:attachment":[{"href":"http:\/\/reallinecert.com\/index.php\/wp-json\/wp\/v2\/media?parent=1166"}],"curies":[{"name":"wp","href":"https:\/\/api.w.org\/{rel}","templated":true}]}}