{"id":1156,"date":"2025-10-10T00:51:49","date_gmt":"2025-10-09T21:51:49","guid":{"rendered":"http:\/\/reallinecert.com\/?page_id=1156"},"modified":"2025-12-27T23:40:11","modified_gmt":"2025-12-27T20:40:11","slug":"ts-en-1176-1a1-kasim-2023-oyun-alani-elemanlari-ve-zemin-duzenlemeleri-bolum1-genel-guvenlik-kurallari-ve-deney-yontemleri","status":"publish","type":"page","link":"http:\/\/reallinecert.com\/index.php\/ts-en-1176-1a1-kasim-2023-oyun-alani-elemanlari-ve-zemin-duzenlemeleri-bolum1-genel-guvenlik-kurallari-ve-deney-yontemleri\/","title":{"rendered":"TS EN 1176-1+A1 Kas\u0131m 2023"},"content":{"rendered":"\n<p>\u2022Bu standart, herkesin kulland\u0131\u011f\u0131 oyun alan\u0131 eleman\u0131 ve zemin d\u00fczenlemelerine ili\u015fkin genel g\u00fcvenlik kurallar\u0131n\u0131 kapsar. Bu standart t\u00fcm \u00e7ocuklar i\u00e7in oyun alan\u0131 elemanlar\u0131n\u0131 kapsar. Bu standart, k\u00fc\u00e7\u00fck \u00e7ocuklar\u0131n ve daha az g\u00fc\u00e7l\u00fc ya da daha az yetenekli \u00e7ocuklar\u0131n g\u00f6zetimi ihtiyac\u0131 d\u00fc\u015f\u00fcn\u00fclerek haz\u0131rlanm\u0131\u015ft\u0131r.<\/p>\n\n\n\n<p>\u2022Bu standard\u0131n amac\u0131, oyun alan\u0131 eleman\u0131n\u0131n i\u00e7inde, \u00fczerinde ya da civar\u0131nda oynand\u0131\u011f\u0131nda uygun bir g\u00fcvenlik seviyesi ve ayn\u0131 zamanda \u00e7ocuklar\u0131n yarar\u0131 i\u00e7in te\u015fvik edici faaliyetler ve \u00f6zellikler sa\u011flamakt\u0131r.<\/p>\n\n\n\n<p>\u2022Bu standart, macera oyun alanlar\u0131 hari\u00e7 olmak \u00fczere, \u00e7ocuklar\u0131n bireysel ve toplu olarak kullanabilecekleri oyun alan\u0131 elemanlar\u0131na uygulan\u0131r. Her ne kadar bu ama\u00e7la \u00fcretilmemi\u015f olmalar\u0131na ra\u011fmen \u00e7ocuklar\u0131n oyun alan\u0131 eleman\u0131 olarak kurulan eleman ve birimlere de uygulanabilir. Ancak EN 71 ve Oyuncak G\u00fcvenli\u011fi Direktifinde oyuncaklar olarak tan\u0131mlanan oyun elemanlar\u0131 bu standard\u0131n kapsam\u0131 d\u0131\u015f\u0131ndad\u0131r.<\/p>\n\n\n\n<p>\u2022Bu standard, eleman\u0131n ama\u00e7land\u0131\u011f\u0131 gibi ya da makul olarak tahmin edildi\u011fi \u015fekilde kullan\u0131ld\u0131\u011f\u0131nda, \u00e7ocuklar\u0131 \u00f6ng\u00f6remedikleri tehlikelerden korumak i\u00e7in gerekli kurallar\u0131 belirtir.<\/p>\n\n\n\n<figure class=\"wp-block-image size-full\"><img loading=\"lazy\" decoding=\"async\" width=\"480\" height=\"406\" src=\"http:\/\/reallinecert.com\/wp-content\/uploads\/2025\/12\/image-2.png\" alt=\"\" class=\"wp-image-1306\" srcset=\"http:\/\/reallinecert.com\/wp-content\/uploads\/2025\/12\/image-2.png 480w, http:\/\/reallinecert.com\/wp-content\/uploads\/2025\/12\/image-2-300x254.png 300w\" sizes=\"auto, (max-width: 480px) 100vw, 480px\" \/><\/figure>\n","protected":false},"excerpt":{"rendered":"<p>\u2022Bu standart, herkesin kulland\u0131\u011f\u0131 oyun alan\u0131 eleman\u0131 ve zemin d\u00fczenlemelerine ili\u015fkin genel g\u00fcvenlik kurallar\u0131n\u0131 kapsar. Bu standart t\u00fcm \u00e7ocuklar i\u00e7in oyun alan\u0131 elemanlar\u0131n\u0131 kapsar. Bu standart, k\u00fc\u00e7\u00fck \u00e7ocuklar\u0131n ve daha az g\u00fc\u00e7l\u00fc ya da daha az yetenekli \u00e7ocuklar\u0131n g\u00f6zetimi ihtiyac\u0131 d\u00fc\u015f\u00fcn\u00fclerek haz\u0131rlanm\u0131\u015ft\u0131r. \u2022Bu standard\u0131n amac\u0131, oyun alan\u0131 eleman\u0131n\u0131n i\u00e7inde, \u00fczerinde [&hellip;]<\/p>\n","protected":false},"author":1,"featured_media":0,"parent":0,"menu_order":0,"comment_status":"closed","ping_status":"closed","template":"","meta":{"footnotes":""},"class_list":["post-1156","page","type-page","status-publish","hentry"],"_links":{"self":[{"href":"http:\/\/reallinecert.com\/index.php\/wp-json\/wp\/v2\/pages\/1156","targetHints":{"allow":["GET"]}}],"collection":[{"href":"http:\/\/reallinecert.com\/index.php\/wp-json\/wp\/v2\/pages"}],"about":[{"href":"http:\/\/reallinecert.com\/index.php\/wp-json\/wp\/v2\/types\/page"}],"author":[{"embeddable":true,"href":"http:\/\/reallinecert.com\/index.php\/wp-json\/wp\/v2\/users\/1"}],"replies":[{"embeddable":true,"href":"http:\/\/reallinecert.com\/index.php\/wp-json\/wp\/v2\/comments?post=1156"}],"version-history":[{"count":3,"href":"http:\/\/reallinecert.com\/index.php\/wp-json\/wp\/v2\/pages\/1156\/revisions"}],"predecessor-version":[{"id":1308,"href":"http:\/\/reallinecert.com\/index.php\/wp-json\/wp\/v2\/pages\/1156\/revisions\/1308"}],"wp:attachment":[{"href":"http:\/\/reallinecert.com\/index.php\/wp-json\/wp\/v2\/media?parent=1156"}],"curies":[{"name":"wp","href":"https:\/\/api.w.org\/{rel}","templated":true}]}}