{"id":11,"date":"2017-07-08T14:54:59","date_gmt":"2017-07-08T14:54:59","guid":{"rendered":"http:\/\/engage.veented.com\/wine\/?page_id=11"},"modified":"2025-09-22T00:03:47","modified_gmt":"2025-09-21T21:03:47","slug":"homepage-2","status":"publish","type":"page","link":"http:\/\/reallinecert.com\/","title":{"rendered":"Anasayfa"},"content":{"rendered":"<section class=\"wpb-content-wrapper\"><p>[vc_row][vc_column]<div id=\"hero-section-6675\" class=\"vntd-hero vntd-section hero-section hero-media-images arrow-nav-side color-scheme-white fullscreen-section fullwidth-section\"><div class=\"hero-container\">\t\n\t\t<div class=\"hero-bg hero-bg-image\" style=\"background-image:url('http:\/\/reallinecert.com\/wp-content\/uploads\/2025\/09\/romain-dancre-doplSDELX7E-unsplash-scaled.jpg');\"><img decoding=\"async\" class=\"vntd-fake-image\" src=\"http:\/\/reallinecert.com\/wp-content\/uploads\/2025\/09\/romain-dancre-doplSDELX7E-unsplash-scaled.jpg\"><\/div><div id=\"bg-overlay-6675\" class=\"bg-overlay bg-overlay-dark20\"><\/div>\n\t\t<!-- Home Inner Details -->\n\t\t<div class=\"hero-inner hero-align-center hero-content-narrow container\">\n\t\t\n\t\t\t\t\t\n\t\t\t<div class=\"hero-content vertical-align-middle\"><div class=\"hero-content-inner\">\n\n\t\t\t\t\t\t\t<p class=\"hero-top-heading\">Real Line Certification<\/p>\t\t\n\t\t\t\t\t\t\t\t<h1 class=\"hero-heading\">Real Line Certification Uygunluk De\u011ferlendirme Mueyene ve Uluslararas\u0131 Belgelendirme<\/h1>\t\t\n\t\t\t\t\t\t\t\n\t\t\t<\/div><\/div>\n\t\t\t\n\t\t<\/div>\n\t\t\n\t\t<!-- End Content -->\n\t\t\n\t\t<div class=\"veented-slider-scroll-button-holder\"><a href=\"#second\" class=\"scroll veented-slider-scroll-button veented-scroll-after\"><span class=\"vntd-mouse-dot\"><\/span><\/a><\/div><\/div><\/div>[\/vc_column][\/vc_row][vc_row equal_height=&#8221;yes&#8221; content_placement=&#8221;middle&#8221; css=&#8221;.vc_custom_1758483411219{padding-top: 90px !important;padding-bottom: 90px !important;background-position: center !important;background-repeat: no-repeat !important;background-size: cover !important;}&#8221;][vc_column width=&#8221;1\/2&#8243; col_padding=&#8221;1&#8243; col_padding_side=&#8221;right&#8221;][vc_single_image image=&#8221;1077&#8243; img_size=&#8221;800&#215;600&#8243; css_animation=&#8221;none&#8221; css=&#8221;.vc_custom_1758485531646{margin-bottom: 0px !important;}&#8221;][\/vc_column][vc_column width=&#8221;1\/2&#8243; col_padding=&#8221;1&#8243; col_padding_side=&#8221;left&#8221;][vc_icon type=&#8221;linecons&#8221; icon_linecons=&#8221;vc_li vc_li-pen&#8221; color=&#8221;custom&#8221; align=&#8221;center&#8221; css=&#8221;.vc_custom_1758482531011{margin-bottom: 15px !important;}&#8221; custom_color=&#8221;#a10918&#8243;][vc_custom_heading text=&#8221;Real Line Certificaiton&#8221; font_container=&#8221;tag:h1|font_size:28px|text_align:center&#8221; use_theme_fonts=&#8221;yes&#8221;][vc_column_text]<\/p>\n<p style=\"text-align: center;\">Real Line Certificaiton<\/p>\n<p>[\/vc_column_text][\/vc_column][\/vc_row][vc_row equal_height=&#8221;yes&#8221; css=&#8221;.vc_custom_1499873854598{padding-top: 50px !important;padding-bottom: 50px !important;}&#8221;][vc_column]<div class=\"special-heading vntd-heading heading-no-border heading-align-center\"><h3 class=\"special-heading-title\">Real Line Certification<\/h3><p class=\"special-heading-subtitle\">Real Line Certification<\/p><\/div>[vc_row_inner][vc_column_inner width=&#8221;1\/3&#8243;][vc_single_image image=&#8221;1119&#8243; img_size=&#8221;large&#8221; alignment=&#8221;center&#8221;][\/vc_column_inner][vc_column_inner width=&#8221;1\/3&#8243;][vc_single_image image=&#8221;1121&#8243; img_size=&#8221;large&#8221; alignment=&#8221;center&#8221;][\/vc_column_inner][vc_column_inner width=&#8221;1\/3&#8243;][vc_single_image image=&#8221;1122&#8243; img_size=&#8221;large&#8221; alignment=&#8221;center&#8221;][\/vc_column_inner][\/vc_row_inner][vc_row_inner][vc_column_inner][\/vc_column_inner][\/vc_row_inner][\/vc_column][\/vc_row][vc_row full_width=&#8221;stretch_row&#8221; parallax=&#8221;content-moving&#8221; bg_overlay=&#8221;dark40&#8243; css=&#8221;.vc_custom_1758488088297{padding-top: 220px !important;padding-bottom: 220px !important;background-image: url(http:\/\/reallinecert.com\/wp-content\/uploads\/2025\/09\/lukas-blazek-mcSDtbWXUZU-unsplash-scaled.jpg?id=1116) !important;}&#8221;][vc_column][vc_custom_heading text=&#8221;Real Line Certificaiton&#8221; font_container=&#8221;tag:h5|font_size:18px|text_align:center|color:rgba(255%2C255%2C255%2C0.8)&#8221; google_fonts=&#8221;font_family:Open%20Sans%3A300%2C300italic%2Cregular%2Citalic%2C600%2C600italic%2C700%2C700italic%2C800%2C800italic|font_style:400%20regular%3A400%3Anormal&#8221; css=&#8221;.vc_custom_1758486945071{margin-bottom: 20px !important;}&#8221;][vc_custom_heading text=&#8221;Real Line Certificaiton&#8221; font_container=&#8221;tag:h1|font_size:66px|text_align:center|color:%23ffffff&#8221; use_theme_fonts=&#8221;yes&#8221; css=&#8221;.vc_custom_1758486940559{padding-right: 10% !important;padding-left: 10% !important;}&#8221;][\/vc_column][\/vc_row][vc_row css=&#8221;.vc_custom_1500048902607{padding-top: 65px !important;padding-bottom: 70px !important;}&#8221;][vc_column][\/vc_column][\/vc_row][vc_row equal_height=&#8221;yes&#8221; content_placement=&#8221;top&#8221; color_scheme=&#8221;white&#8221; bg_overlay=&#8221;dark50&#8243; css=&#8221;.vc_custom_1758488199619{padding-top: 100px !important;padding-bottom: 75px !important;background-image: url(http:\/\/reallinecert.com\/wp-content\/uploads\/2025\/09\/romain-dancre-doplSDELX7E-unsplash-scaled.jpg?id=1118) !important;background-position: center !important;background-repeat: no-repeat !important;background-size: cover !important;}&#8221;][vc_column][vc_icon icon_fontawesome=&#8221;fa fa-comment-o&#8221; color=&#8221;white&#8221; size=&#8221;lg&#8221; align=&#8221;center&#8221;]<div class=\"vntd-testimonials-holder vntd-carousel-holder\"><div class=\"vntd-testimonials vntd-carousel owl-carousel testimonials-minimal nav-position-bottom\" data-dots=\"true\" data-nav=\"true\" data-autoplay=\"true\" data-autoplay-timeout=\"7000\" data-cols=\"1\" data-margin=\"30\" data-animate-in=\"fadeIn\" data-animate-out=\"fadeOut\">\t\n\t\t<div class=\"item carousel-item testimonial-item\">\n\t\t\n\t\t\t<div class=\"testimonial-inner\">\n\t\t\t\t\n\t\t\t\t<div class=\"testimonial-content\">\n\t\t\t\t\t<p>G\u00fcvenilir ve g\u00fcler y\u00fczl\u00fc hizmet i\u00e7in te\u015fekk\u00fcrler<\/p>\n\t\t\t\t<\/div>\n\t\t\t\t\n\t\t\t\t<div class=\"testimonial-caption\">\n\t\t\t\t\t<div class=\"testimonial-author\">Elif Ayd\u0131n<\/div>\n\t\t\t\t\t<div class=\"testimonial-position\">Tak\u0131m Lideri<\/div>\t\t\t\t<\/div>\n\t\t\t\t\n\t\t\t<\/div>\n\t\t\t\n\t\t<\/div>\n\t\t\n\t\t\n\t\t<div class=\"item carousel-item testimonial-item\">\n\t\t\n\t\t\t<div class=\"testimonial-inner\">\n\t\t\t\t\n\t\t\t\t<div class=\"testimonial-content\">\n\t\t\t\t\t<p>\u0130lgili ve g\u00fcler y\u00fczl\u00fc hizmetlerinden dolay\u0131 Mehmet bey&#039;e te\u015fekk\u00fcrler<\/p>\n\t\t\t\t<\/div>\n\t\t\t\t\n\t\t\t\t<div class=\"testimonial-caption\">\n\t\t\t\t\t<div class=\"testimonial-author\">Hanifi Yaman<\/div>\n\t\t\t\t\t<div class=\"testimonial-position\">Y\u00f6netici<\/div>\t\t\t\t<\/div>\n\t\t\t\t\n\t\t\t<\/div>\n\t\t\t\n\t\t<\/div>\n\t\t\n\t\t\n\t\t<div class=\"item carousel-item testimonial-item\">\n\t\t\n\t\t\t<div class=\"testimonial-inner\">\n\t\t\t\t\n\t\t\t\t<div class=\"testimonial-content\">\n\t\t\t\t\t<p>K\u0131sa s\u00fcredece g\u00fczel bir i\u015f \u00e7\u0131kar\u0131p \u00e7ok yard\u0131mc\u0131 oldular, te\u015fekk\u00fcrler<\/p>\n\t\t\t\t<\/div>\n\t\t\t\t\n\t\t\t\t<div class=\"testimonial-caption\">\n\t\t\t\t\t<div class=\"testimonial-author\">Yakup Y\u0131lmaz<\/div>\n\t\t\t\t\t<div class=\"testimonial-position\">E\u011fitim Sorumlusu<\/div>\t\t\t\t<\/div>\n\t\t\t\t\n\t\t\t<\/div>\n\t\t\t\n\t\t<\/div>\n\t\t\n\t<\/div><\/div>[\/vc_column][\/vc_row]<\/p>\n<\/section>","protected":false},"excerpt":{"rendered":"<p>[vc_row][vc_column][\/vc_column][\/vc_row][vc_row equal_height=&#8221;yes&#8221; content_placement=&#8221;middle&#8221; css=&#8221;.vc_custom_1758483411219{padding-top: 90px !important;padding-bottom: 90px !important;background-position: center !important;background-repeat: no-repeat !important;background-size: cover !important;}&#8221;][vc_column width=&#8221;1\/2&#8243; col_padding=&#8221;1&#8243; col_padding_side=&#8221;right&#8221;][vc_single_image image=&#8221;1077&#8243; img_size=&#8221;800&#215;600&#8243; css_animation=&#8221;none&#8221; css=&#8221;.vc_custom_1758485531646{margin-bottom: 0px !important;}&#8221;][\/vc_column][vc_column width=&#8221;1\/2&#8243; col_padding=&#8221;1&#8243; col_padding_side=&#8221;left&#8221;][vc_icon type=&#8221;linecons&#8221; icon_linecons=&#8221;vc_li vc_li-pen&#8221; color=&#8221;custom&#8221; align=&#8221;center&#8221; css=&#8221;.vc_custom_1758482531011{margin-bottom: 15px !important;}&#8221; custom_color=&#8221;#a10918&#8243;][vc_custom_heading text=&#8221;Real Line Certificaiton&#8221; font_container=&#8221;tag:h1|font_size:28px|text_align:center&#8221; use_theme_fonts=&#8221;yes&#8221;][vc_column_text] Real Line Certificaiton [\/vc_column_text][\/vc_column][\/vc_row][vc_row equal_height=&#8221;yes&#8221; css=&#8221;.vc_custom_1499873854598{padding-top: 50px !important;padding-bottom: 50px !important;}&#8221;][vc_column][vc_row_inner][vc_column_inner [&hellip;]<\/p>\n","protected":false},"author":1,"featured_media":0,"parent":0,"menu_order":0,"comment_status":"closed","ping_status":"closed","template":"","meta":{"footnotes":""},"class_list":["post-11","page","type-page","status-publish","hentry"],"_links":{"self":[{"href":"http:\/\/reallinecert.com\/index.php\/wp-json\/wp\/v2\/pages\/11","targetHints":{"allow":["GET"]}}],"collection":[{"href":"http:\/\/reallinecert.com\/index.php\/wp-json\/wp\/v2\/pages"}],"about":[{"href":"http:\/\/reallinecert.com\/index.php\/wp-json\/wp\/v2\/types\/page"}],"author":[{"embeddable":true,"href":"http:\/\/reallinecert.com\/index.php\/wp-json\/wp\/v2\/users\/1"}],"replies":[{"embeddable":true,"href":"http:\/\/reallinecert.com\/index.php\/wp-json\/wp\/v2\/comments?post=11"}],"version-history":[{"count":7,"href":"http:\/\/reallinecert.com\/index.php\/wp-json\/wp\/v2\/pages\/11\/revisions"}],"predecessor-version":[{"id":1124,"href":"http:\/\/reallinecert.com\/index.php\/wp-json\/wp\/v2\/pages\/11\/revisions\/1124"}],"wp:attachment":[{"href":"http:\/\/reallinecert.com\/index.php\/wp-json\/wp\/v2\/media?parent=11"}],"curies":[{"name":"wp","href":"https:\/\/api.w.org\/{rel}","templated":true}]}}